-9. Calculate the highest common divisor of 6 and f.
6
Let q be (4041/4)/((-2)/(-8)). Let u be q/12 + 1/4. Suppose -5*w + 3*r = -u, -67 = -2*w + 2*r + 71. Calculate the highest common divisor of 13 and w.
13
Let s(o) = -o**3 + 6*o**2 + 7*o. Let v be 0 + 9 - 3*1. Let f be s(v). What is the greatest common factor of 14 and f?
14
Let h be ((-6)/(-4))/((-6)/(-8)). Suppose 3*f + h = -1, 3*f = -5*n + 732. Suppose -j + 2*j = n. Calculate the highest common divisor of 21 and j.
21
Let i = -22 + 19. Let g be ((-255)/(-9))/((-1)/i). What is the highest common factor of g and 34?
17
Let b be -1*(-5 + 2 - -2). What is the greatest common divisor of 11 and b?
1
Let b = -3 - -10. Let u(w) = 4*w - 19. Let j be u(5). What is the highest common divisor of b and j?
1
Let f(a) = 0 + 5*a - 7*a + 0. Let s be f(3). Let y be ((-18)/(-8))/(s/(-288)). Calculate the highest common factor of y and 18.
18
Suppose 6*t = 12 + 6. Suppose n + t = 31. Calculate the highest common divisor of n and 42.
14
Let i be 1/(17/(-9) + 2). What is the greatest common factor of i and 63?
9
Suppose 0 = 4*g - 5*z - 200, 0 = 3*g + 3*z - 79 - 44. Calculate the greatest common divisor of g and 15.
15
Suppose -123 = -5*x - 43. Suppose -7 - 2 = -3*g. Suppose -2*q + 5 + g = 0. What is the highest common divisor of x and q?
4
Let a = -43 - -219. Suppose 2*r - 8 - 2 = 0. Suppose 4*j - 352 = -4*p, -2*j + a = p - r*p. Calculate the highest common factor of 8 and j.
8
Let b be 33/11*40/6. What is the highest common factor of b and 30?
10
Suppose -13 = 4*u - f - 107, 0 = 2*f - 4. Let n(t) = -t**2 + 11*t - 2. Let d be n(9). What is the highest common factor of u and d?
8
Let k(w) = -w + 1. Let s(a) = -3*a**2 - 10*a + 3. Let r(i) = 2*k(i) - s(i). Let z be r(-7). What is the highest common divisor of 36 and z?
18
Let r be ((-228)/133)/(2*2/(-14)). What is the greatest common divisor of 15 and r?
3
Let d(q) = -q**2 - 9*q - 3. Let j be d(-5). What is the greatest common factor of j and 85?
17
Suppose -q - q = -32. Calculate the greatest common factor of 80 and q.
16
Let a(g) = -g**2 - 10*g - 6. Let m be a(-6). Let d = 14 + m. Let z = d + -8. Calculate the highest common factor of 6 and z.
6
Let m(t) be the first derivative of -t**4/4 - 3*t**3 + 2*t**2 + 13*t - 4. Let l be m(-9). Let b = -15 - l. What is the greatest common divisor of b and 64?
8
Let u be -1 + (37 + -3 - 1). What is the highest common factor of u and 80?
16
Suppose 2 + 0 = t. Suppose z = 4*z + 12, 3*o - t*z - 44 = 0. Let j = o - 3. What is the highest common divisor of 18 and j?
9
Let f = -13 + 7. Let l = 10 + f. Let v = 7 - 3. Calculate the greatest common factor of l and v.
4
Let x be ((-36)/30)/(1/5). Let s be 5/((-40)/12)*x. What is the greatest common factor of 36 and s?
9
Suppose 5*r - 3 = -4*c, -5*r - 1 = 3*c - 2. Let x be (-5)/(c + 38/(-18)). Calculate the greatest common divisor of 9 and x.
9
Let v = -10 - -14. Let n(c) = 35*c + 1. Suppose -4*u = -0*u - 2*a + 2, -5*a = 2*u - 17. Let k be n(u). What is the highest common factor of v and k?
4
Let q = -10 + 43. What is the greatest common factor of q and 231?
33
Let v be (8/(-10))/((-3)/15). Suppose -63 = v*d - 23. Let b = 25 + d. Calculate the greatest common factor of 60 and b.
15
Let x(n) = n + 24. Let z be x(-4). What is the greatest common factor of z and 40?
20
Let l = 132 - 104. What is the greatest common factor of 140 and l?
28
Let w be 634/14 + 6/(-21). What is the highest common divisor of 30 and w?
15
Let w be -2 + -1 + 11 + -2. Let j = 8 - w. Suppose j*v - 6*v = -72. What is the greatest common divisor of v and 6?
6
Let g be (3 - 12)/((-6)/20). Let x be (-24)/g*25/(-2). Calculate the greatest common divisor of x and 110.
10
Suppose 0 = 4*c + c - 65. Suppose -3 = -2*p + 9. Let z = c - p. Calculate the greatest common factor of z and 7.
7
Let t(v) = -3*v + 9. Let u be t(6). Let j be 16662/u*-3 - 2. Let m be 2/(-11) - j/(-44). What is the greatest common divisor of m and 14?
14
Let j = 64 + -36. Calculate the greatest common divisor of j and 7.
7
Let q(k) = k**2 - 7*k + 1. Let m be q(6). Let c be (108/45)/((-2)/m). What is the highest common factor of c and 2?
2
Let y(c) = 3*c**2 + 3*c + 2. Let a be y(-2). Suppose m - 25 = 63. Suppose 0*g - m = -g. What is the highest common divisor of a and g?
8
Let d(c) = -c**3 - 6*c**2 - 3*c + 2. Suppose -l = -5*f - 18, -3*l - 36 = -2*f + 5*f. Let m be d(l). What is the highest common factor of 8 and m?
8
Suppose -46 = -2*r + 10. Let v = r - -32. What is the greatest common factor of v and 40?
20
Let z be -1 + 1 + 0 + 3. Calculate the highest common divisor of z and 3.
3
Let c = 27 + -19. Calculate the highest common factor of c and 1.
1
Suppose 2*v - 126 = v. Let y be v/10 + (-2)/(-5). Calculate the highest common factor of y and 13.
13
Let a(b) = -b**2 + 3*b + 4. Let f be a(4). Let k = -3 + f. Let d be 1 + 2 + -1 - k. Calculate the highest common factor of 2 and d.
1
Let i(f) = -8*f + 0*f - 4 + 2*f. Let w be i(-4). Calculate the highest common factor of 5 and w.
5
Let j = -7 - -13. Let f be (3*-2)/(2*-1). Let k be 2/f*14*j. What is the highest common divisor of 7 and k?
7
Let x be 34 + 0*3/(-12). What is the highest common divisor of 102 and x?
34
Let a = -23 - -39. Calculate the highest common divisor of a and 8.
8
Let x(b) = b**2 - 3*b + 1. Let z = 5 + 1. Let c be x(z). Calculate the greatest common factor of 19 and c.
19
Let r(i) = i**3 - 3*i**2 + i + 2. Let o be r(4). Let w = o - 12. Let t be (20/8)/((-2)/(-32)). Calculate the highest common factor of w and t.
10
Let b = 34 - -86. Suppose 5*p = 41 + 34. Calculate the greatest common divisor of b and p.
15
Let f(g) = g**3 + 15*g**2 - 25*g - 39. Let o be f(-16). What is the greatest common divisor of 21 and o?
21
Suppose -4*k + 3*z + 12 = 0, 4*k + 11 = -2*z + 3. Suppose g - 6 - 18 = k. What is the highest common divisor of 16 and g?
8
Suppose 4*z - 25 = -z, -4*z + 20 = 5*o. Suppose 3*n - 52 = -16. Let a be n - o/((-1)/1). Calculate the greatest common divisor of 12 and a.
12
Suppose -2*z = 1 - 5. Let v be (0 - -8)/(1/z). What is the highest common divisor of 2 and v?
2
Let i be (1 - -14) + (-3 - -1). Calculate the greatest common factor of i and 104.
13
Let o = 935 - 616. Calculate the highest common factor of 29 and o.
29
Suppose 5*t - t = 3*u + 66, 3*t - 60 = -3*u. Calculate the highest common divisor of t and 2.
2
Let h be 61 - (-2 + 0/(-1)). Let r = -111 - -118. What is the greatest common factor of h and r?
7
Let c(y) = y**2 + 7*y + 4. Let v be c(-9). Let q = v - -20. Calculate the greatest common factor of q and 6.
6
Let f(z) = -z**2 + 7*z. Suppose 0 = 2*g + 2*g + 3*v - 26, 3*g - v = 13. Let q be f(g). Calculate the highest common divisor of 10 and q.
10
Let b(g) be the second derivative of g**4/12 + 2*g**3/3 - 3*g**2/2 - g. Let z be b(-7). What is the greatest common divisor of 36 and z?
18
Suppose -2*o + 3 = -3. Let h be (-3)/(-9) + 575/o. What is the highest common divisor of h and 24?
24
Let c be ((-2)/(-6))/(5/15). Suppose -7 = -5*b + 3*a + c, a = -b. Calculate the highest common divisor of b and 1.
1
Suppose -4*s - 31 + 159 = 0. Calculate the greatest common divisor of 8 and s.
8
Let x(y) be the first derivative of 3*y**2/2 - 10*y + 1. Let b be x(8). What is the greatest common divisor of 42 and b?
14
Let m = -20 + 22. Suppose 2*k + a - 41 = 0, m*k + 0*a - 56 = 2*a. Calculate the greatest common divisor of 23 and k.
23
Let j(s) = 30*s - 16. Let u be j(4). Calculate the highest common divisor of u and 13.
13
Let b be (0 - -1)/((-2)/(-18)). Suppose -m + b + 9 = 0. Calculate the greatest common factor of 162 and m.
18
Suppose 4*r - 32 = -0*r. Suppose 11*o - 6 = r*o. Calculate the greatest common factor of 18 and o.
2
Let q(r) = 2*r**2 + 23*r + 4. Let i be q(-12). What is the greatest common divisor of 80 and i?
16
Let l(b) = 6*b**2 + 3*b. Let q be l(2). Calculate the highest common factor of 15 and q.
15
Let g = 2 + 1. Suppose 3*a - 8*a = -40. Suppose -2 = 3*w - a. Calculate the highest common factor of w and g.
1
Let i = -7 + 3. Let k(w) = w**3 + 2*w**2 + w + 4. Let n be k(i). Let p = -14 - n. Calculate the greatest common factor of 36 and p.
18
Suppose 0 = -5*b + b + 76. What is the greatest common divisor of 19 and b?
19
Suppose 6 = 8*y - 5*y. Suppose k + 316 = 3*m - 